se 3, what is -11 + 111201?
111120
In base 14, what is 3 + 124?
127
In base 8, what is -23466 - 4?
-23472
In base 8, what is 6 + 64?
72
In base 7, what is -15 - -1626?
1611
In base 3, what is -22110 + -1210?
-101020
In base 3, what is 2 + -2020122?
-2020120
In base 7, what is 53552 + 0?
53552
In base 10, what is 97 + -2?
95
In base 2, what is -111000 + 1?
-110111
In base 2, what is 1100 + -101?
111
In base 4, what is -2 - 1302?
-1310
In base 2, what is 10 + -11110001?
-11101111
In base 12, what is 78 + -3?
75
In base 7, what is 340 - 6?
331
In base 12, what is -264 - -45?
-21b
In base 9, what is -3 + -266?
-270
In base 13, what is 0 + -18c?
-18c
In base 2, what is -1001011010100001 - 1?
-1001011010100010
In base 4, what is 1220 - 0?
1220
In base 5, what is -123 - 120?
-243
In base 5, what is 2 - 34220?
-34213
In base 13, what is 211 + 1?
212
In base 8, what is 5 + -2621?
-2614
In base 16, what is -2 + 27?
25
In base 6, what is -50 - 335?
-425
In base 15, what is 12 + -2d?
-1b
In base 3, what is 112100022 - 11?
112100011
In base 12, what is -239 + 5?
-234
In base 12, what is 7 + 115?
120
In base 4, what is 2 - -3111?
3113
In base 5, what is 2 + -24142?
-24140
In base 9, what is -25 - 14?
-40
In base 8, what is -1554 + -5?
-1561
In base 7, what is -10 + -15?
-25
In base 4, what is -10 - -13101?
13031
In base 10, what is 120 + -3?
117
In base 7, what is -205 + 5?
-200
In base 10, what is 746 - 5?
741
In base 3, what is 10 - -2111020?
2111100
In base 7, what is -5 + -6?
-14
In base 5, what is -10 + -13412?
-13422
In base 4, what is -12131201 + -1?
-12131202
In base 2, what is 1 - 1001?
-1000
In base 10, what is 9 - 14?
-5
In base 9, what is 2 - 110?
-107
In base 2, what is 1 + -10011010011?
-10011010010
In base 8, what is 13 - 11?
2
In base 5, what is -4 + 2044?
2040
In base 5, what is -11 - -14?
3
In base 3, what is -1020 + -1?
-1021
In base 3, what is -1212 - 2?
-1221
In base 9, what is 516 + -4?
512
In base 10, what is 0 - -1127?
1127
In base 11, what is 6 + 8?
13
In base 16, what is 219 - 8?
211
In base 4, what is -1 + -102002?
-102003
In base 8, what is 56 - 27?
27
In base 7, what is -14 + 50?
33
In base 4, what is -12 + -33?
-111
In base 9, what is 1013 + 5?
1018
In base 5, what is -1 - -244?
243
In base 7, what is -3 + 405?
402
In base 16, what is 21 - -53?
74
In base 7, what is 203 - -4?
210
In base 8, what is 11 - -2271?
2302
In base 8, what is -3010 + -5?
-3015
In base 12, what is 17 + -34?
-19
In base 15, what is 1bb - -3?
1be
In base 4, what is -2 - -32100?
32032
In base 5, what is 111 + -100?
11
In base 4, what is 230 - -121?
1011
In base 8, what is 1 + -5?
-4
In base 4, what is -132 + 32?
-100
In base 7, what is 5 + 1066?
1104
In base 15, what is 43 - -2?
45
In base 15, what is -17b + e?
-16c
In base 7, what is 2 + 10443?
10445
In base 7, what is 3 + -11?
-5
In base 4, what is 2031 - -3?
2100
In base 5, what is -3330 - 4?
-3334
In base 14, what is c - -21?
2d
In base 8, what is 0 + -371?
-371
In base 2, what is 111 - 10110?
-1111
In base 11, what is 6 - 204?
-1a9
In base 2, what is 1011111111000 - 11?
1011111110101
In base 6, what is -1545 + 1?
-1544
In base 7, what is 4 + -200?
-163
In base 10, what is -3 + -295?
-298
In base 9, what is -30342 - -4?
-30337
In base 3, what is -11211120 + 1?
-11211112
In base 4, what is -2 + -2?
-10
In base 9, what is 4 - 256?
-252
In base 5, what is -23200 - 12?
-23212
In base 4, what is -101 + 210311?
210210
In base 13, what is -3 + -2c0?
-2c3
In base 9, what is -2 - 4373?
-4375
In base 5, what is 132 + -3?
124
In base 10, what is -38 - 40?
-78
In base 11, what is -3 - 53?
-56
In base 11, what is -14 + 8?
-7
In base 9, what is 115 + 7?
123
In base 16, what is -8 + -14?
-1c
In base 13, what is -2 - 73?
-75
In base 10, what is 5 + 2582?
2587
In base 7, what is 31 - -325?
356
In base 16, what is 1 - -105?
106
In base 8, what is 120 - -1?
121
In base 5, what is -1344 + -10?
-1404
In base 5, what is 13010 + 1?
13011
In base 5, what is 3 - 2111?
-2103
In base 10, what is -7 + 85?
78
In base 6, what is 10204 + -10?
10154
In base 5, what is -30 - -221?
141
In base 6, what is 2 - -21102?
21104
In base 16, what is -9e + -4?
-a2
In base 2, what is 100000 + -10?
11110
In base 2, what is -1000010111011 + -11?
-1000010111110
In base 12, what is -2141 + -1?
-2142
In base 13, what is 7 - 20b?
-204
In base 12, what is -17 - 15?
-30
In base 6, what is -334 + 3?
-331
In base 5, what is -4 + -20?
-24
In base 16, what is 5 - -8?
d
In base 11, what is 5 + -32?
-28
In base 6, what is 0 - 11?
-11
In base 5, what is -1212 + 0?
-1212
In base 7, what is -10 + -211?
-221
In base 15, what is -1 + -2b?
-2c
In base 13, what is 2 - -1197?
1199
In base 15, what is -1 + 7c4?
7c3
In base 12, what is -13 - 9?
-20
In base 16, what is 4 - 397?
-393
In base 13, what is -2 + 77c?
77a
In base 2, what is 10 + -1010101?
-1010011
In base 8, what is -15 - 7?
-24
In base 13, what is 4 - 3c1?
-3ba
In base 9, what is 0 - -34?
34
In base 15, what is b + 1e?
2a
In base 13, what is 40 + -17?
26
In base 5, what is 430 - 3?
422
In base 13, what is 2 + 2c?
31
In base 8, what is 3 - 51?
-46
In base 9, what is -10 + 3?
-6
In base 10, what is -40 - -14?
-26
In base 8, what is 11707 - 5?
11702
In base 5, what is 2031 - -10?
2041
In base 8, what is -56 + 16?
-40
In base 13, what is 4 - -b0?
b4
In base 9, what is 0 - -65?
65
In base 14, what is 1d4 - -4?
1d8
In base 9, what is -27 + 20?
-7
In base 12, what is 17 + -19?
-2
In base 7, what is -3 - 1003?
-1006
In base 16, what is -4 + 545?
541
In base 4, what is 10123 + 11?
10200
In base 16, what is -3 - -1?
-2
In base 8, what is 6153 + -3?
6150
In base 5, what is 0 - 413?
-413
In base 15, what is 2d7 - -1?
2d8
In base 13, what is c - -2?
11
In base 5, what is 2 + -10440?
-10433
In base 5, what is 332 + -222?
110
In base 13, what is -bc + 6?
-b6
In base 7, what is -1 + 106?
105
In base 10, what is -48 + -1?
-49
In base 14, what is 3 + -17b?
-178
In base 3, what is 212 - -102?
1021
In base 16, what is -3 - ef?
-f2
In base 12, what is -7b - -10?
-6b
In base 10, what is 64 - 3?
61
In base 2, what is -101011000011 + 101?
-101010111110
In base 7, what is 61400 - 1?
61366
In base 4, what is 12121 - 0?
12121
In base 5, what is -10 - -243?
233
In base 3, what is 10022 + -12?
10010
In base 6, what is 0 - 30?
-30
In base 13, what is -55b2 + 5?
-55aa
In base 10, what is -2 + 210?
208
In base 10, what is 152 + -5?
147
In base 6, what is -11 - -3214?
3203
In base 14, what is -18 + -d?
-27
In base 5, what is -2143 - -141?
-2002
In base 15, what is 2 + 1c3b?
1c3d
In base 10, what is -411 - 5?
-416
In base 8, what is -262 + 4?
-256
In base 6, what is 31 + -3?
24
In base 6, what is -2 - -442?
440
In base 9, what is 0 - 48?
-48
In base 16, what is d + 17?
24
In base 16, what is -42 - 8?
-4a
In base 13, what is 19 - 5?
14
In base 10, what is 2 + -4?
-2
In base 11, what is -6 - 11?
-17
In base 8, what is -40753 - 2?
-40755
In base 7, what is -1121 - -15?
-1103
In base 3, what is 120112 - 2?
120110
In base 5, what is -3 + 143?
140
In base 11, what is -1 + 56?
55
In base 8, what is -30 + 255?
225
In base 16, what is c2 + 90?
152
In base 8, what is 25 + -44?
-17
In base 12, what is 4 - 388?
-384
In base 7, what is -10 + -11?
-21
In base 7, what is 1463 - -2?
1465
In base 16, what is b + -24?
-19
In base 8, what is -1276 - -22?
-1254
In base 2, what is -1 - 10110111?
-10111000
In base 12, what is 236 + 9?
243
In base 12, what is -830 - -5?
-827
In base 10, what is 10 - -119?
129
In base 2, what is 101 - -1011100?
1100001
In base 2, what is 11 + 111000011001?
111000011100
In base 14, what is 3 + -395?
-392
In base 5, what is -2 - 30?
-32
In base 13, what is -3 + 111b?
1118
In base 13, what is -153c - 4?
-1543
In base 12, what is 8 + -42?
-36
In base 15, what is 24 - 45?
-21
In base 16, what is 38 - a?
2e
In base 10, what is 4 - -1594?
1598
In base 11, what is 18 - -39?
56
In base 4, what is 101032 - -1?
101033
In base 3, what is 101021 + -1?
101020
In base 10, what is 7 + 105?
112
In base 11, what is 0 - 10?
-10
In base 10, what is -1957 - 2?
-1959
In base 13, what is 501 + -11?
4c0
In base 6, what is 11552 + -3?
11545
In base 5, what is -101333 - -10?
-101323
In base 7, what is 10325 - 1?
10324
In base 5, what is 0 + 22?
22
In ba